 7743.
89
Calculate the highest common factor of 210 and 120.
30
What is the highest common divisor of 4199 and 7429?
323
What is the highest common factor of 108 and 18360?
108
What is the highest common divisor of 7876 and 44?
44
What is the highest common divisor of 88 and 24?
8
Calculate the highest common divisor of 42423 and 237.
237
What is the greatest common divisor of 180 and 2304?
36
Calculate the highest common divisor of 2385 and 45.
45
Calculate the greatest common divisor of 122 and 10858.
122
Calculate the greatest common divisor of 65 and 169.
13
What is the highest common factor of 128 and 576?
64
What is the highest common factor of 621 and 184?
23
Calculate the highest common divisor of 42 and 168.
42
What is the greatest common divisor of 245 and 140?
35
What is the highest common divisor of 344 and 2236?
172
What is the greatest common factor of 40 and 780?
20
What is the highest common factor of 13 and 1469?
13
Calculate the highest common divisor of 12508 and 212.
212
What is the greatest common factor of 26 and 351?
13
What is the greatest common factor of 19 and 17?
1
What is the greatest common divisor of 36 and 996?
12
Calculate the greatest common divisor of 46 and 2530.
46
Calculate the greatest common divisor of 15584 and 96.
32
What is the greatest common divisor of 44 and 220?
44
What is the highest common factor of 1219 and 106?
53
Calculate the highest common divisor of 1650 and 132.
66
Calculate the highest common divisor of 48 and 2388.
12
Calculate the highest common factor of 112 and 9424.
16
What is the highest common divisor of 12 and 78?
6
What is the greatest common divisor of 414 and 19918?
46
What is the greatest common divisor of 11 and 3289?
11
What is the highest common factor of 190 and 30?
10
What is the highest common factor of 270 and 216?
54
Calculate the highest common factor of 60 and 270.
30
What is the highest common factor of 61 and 17568?
61
Calculate the greatest common factor of 84 and 210.
42
What is the greatest common factor of 21951 and 162?
81
Calculate the greatest common divisor of 26 and 9295.
13
Calculate the highest common divisor of 20 and 145.
5
What is the greatest common factor of 5 and 170?
5
Calculate the greatest common factor of 18 and 369.
9
Calculate the greatest common divisor of 180 and 1035.
45
What is the highest common divisor of 18 and 54?
18
What is the highest common divisor of 4485 and 429?
39
Calculate the greatest common factor of 1272 and 96.
24
Calculate the highest common divisor of 52 and 195.
13
What is the highest common divisor of 17 and 5287?
17
What is the greatest common factor of 64 and 8704?
64
What is the greatest common divisor of 11 and 693?
11
What is the highest common divisor of 342 and 798?
114
Calculate the highest common factor of 4270 and 30.
10
What is the greatest common divisor of 92 and 253?
23
Calculate the greatest common factor of 42 and 140.
14
Calculate the greatest common factor of 240 and 420.
60
What is the highest common divisor of 404 and 88?
4
What is the highest common divisor of 6 and 6?
6
What is the greatest common factor of 5 and 2?
1
Calculate the highest common factor of 4662 and 36.
18
What is the greatest common factor of 39 and 2353?
13
Calculate the highest common divisor of 55 and 44.
11
What is the highest common factor of 6 and 246?
6
What is the highest common divisor of 1365 and 30?
15
Calculate the greatest common factor of 705 and 6909.
141
Calculate the highest common factor of 3852 and 216.
36
Calculate the highest common factor of 238 and 68.
34
What is the greatest common factor of 8596 and 14?
14
What is the greatest common divisor of 51 and 255?
51
Calculate the highest common divisor of 1235 and 1045.
95
What is the highest common factor of 20 and 1425?
5
What is the highest common divisor of 16 and 8?
8
What is the greatest common divisor of 45 and 15?
15
What is the greatest common factor of 1394 and 246?
82
Calculate the highest common divisor of 10 and 15.
5
Calculate the greatest common factor of 380 and 40.
20
Calculate the highest common factor of 27 and 2052.
27
Calculate the greatest common factor of 351 and 9.
9
Calculate the highest common factor of 2097 and 9.
9
Calculate the highest common factor of 55 and 15235.
55
Calculate the greatest common factor of 144 and 42.
6
What is the highest common divisor of 6 and 2658?
6
What is the highest common factor of 44 and 196?
4
What is the greatest common divisor of 69 and 138?
69
Calculate the greatest common divisor of 68 and 187.
17
What is the highest common factor of 105 and 21?
21
What is the highest common divisor of 984 and 1224?
24
What is the greatest common factor of 459 and 204?
51
What is the highest common divisor of 11764 and 136?
68
What is the highest common factor of 44 and 1028?
4
What is the greatest common divisor of 162 and 198?
18
What is the greatest common divisor of 372 and 12?
12
What is the highest common factor of 1736 and 328?
8
Calculate the highest common divisor of 25 and 45.
5
What is the greatest common divisor of 3949 and 44?
11
Calculate the highest common factor of 12 and 78.
6
Calculate the greatest common factor of 7 and 714.
7
Calculate the greatest common divisor of 166 and 1079.
83
What is the highest common divisor of 456 and 9272?
152
What is the greatest common factor of 100 and 900?
100
Calculate the greatest common divisor of 102 and 7089.
51
What is the highest common divisor of 1157 and 2581?
89
What is the greatest common divisor of 2299 and 319?
11
What is the greatest common divisor of 6943 and 265?
53
Calculate the highest common divisor of 3806 and 22.
22
What is the highest common factor of 2627 and 284?
71
What is the greatest common factor of 162 and 7857?
81
What is the greatest common divisor of 192 and 704?
64
What is the highest common divisor of 354 and 9?
3
Calculate the greatest common divisor of 106 and 23.
1
What is the highest common factor of 602 and 28?
14
Calculate the greatest common divisor of 33 and 1023.
33
What is the highest common divisor of 850 and 2?
2
Calculate the highest common divisor of 14 and 3.
1
Calculate the greatest common divisor of 58 and 8.
2
Calculate the highest common divisor of 90 and 10.
10
What is the highest common divisor of 79 and 7?
1
Calculate the highest common divisor of 7 and 217.
7
Calculate the highest common factor of 387 and 3.
3
Calculate the highest common factor of 90 and 70.
10
Calculate the greatest common factor of 102 and 12.
6
What is the greatest common factor of 3146 and 1210?
242
Calculate the greatest common divisor of 67735 and 23.
23
What is the highest common factor of 13 and 4121?
13
Calculate the greatest common factor of 150 and 18.
6
What is the highest common divisor of 21 and 72?
3
Calculate the greatest common factor of 132 and 168.
12
Calculate the highest common divisor of 210 and 3885.
105
What is the highest common factor of 644 and 1771?
161
What is the highest common divisor of 84 and 1785?
21
What is the greatest common factor of 2002 and 88?
22
Calculate the greatest common factor of 630 and 3330.
90
What is the greatest common factor of 33 and 1815?
33
What is the greatest common factor of 375 and 15?
15
Calculate the greatest common factor of 7 and 399.
7
Calculate the greatest common factor of 13 and 1222.
13
Calculate the greatest common divisor of 10624 and 747.
83
What is the highest common divisor of 140 and 35?
35
Calculate the greatest common factor of 26 and 208.
26
What is the greatest common factor of 31538 and 26?
26
What is the greatest common divisor of 132 and 1903?
11
What is the highest common factor of 1872 and 162?
18
Calculate the greatest common factor of 52 and 234.
26
Calculate the greatest common factor of 5562 and 162.
54
What is the highest common divisor of 44 and 6556?
44
Calculate the highest common divisor of 14 and 42.
14
Calculate the greatest common factor of 207 and 4071.
69
Calculate the highest common divisor of 123 and 3649.
41
What is the highest common factor of 1428 and 266?
14
What is the highest common divisor of 20 and 4890?
10
What is the greatest common divisor of 54 and 198?
18
What is the highest common factor of 60 and 460?
20
Calculate the highe